{"id":355,"date":"2022-09-23T11:39:40","date_gmt":"2022-09-23T14:39:40","guid":{"rendered":"https:\/\/www.pantanet.com.ar\/?post_type=product&#038;p=355"},"modified":"2026-04-29T01:43:57","modified_gmt":"2026-04-29T04:43:57","slug":"auricular-genius-mod-hs-04su-c-microfono","status":"publish","type":"product","link":"https:\/\/www.pantanet.com.ar\/?product=auricular-genius-mod-hs-04su-c-microfono","title":{"rendered":"Auricular Genius Mod. HS-04SU C\/Micr\u00f3fono"},"content":{"rendered":"<div>Este nuevo auricular con micr\u00f3fono de Genius, el HS-04SU, es genial para comunicaci\u00f3n en l\u00ednea, jugar o utilizar un reproductor MP3. Tambi\u00e9n le ofrece la posibilidad de escuchar y hablar claramente con m\u00e1s comodidad y calidad.<\/div>\n<div>Este auricular con micr\u00f3fono con anulaci\u00f3n de ruidos tambi\u00e9n tiene control de volumen y bot\u00f3n de enmudecimiento para el micr\u00f3fono.. Si pasa largas horas delante de su ordenador utilizando MSN, SKYPE, jugando, o utilizando un reproductor MP3, obtendr\u00e1 una comodidad superior ya que la banda de la cabeza es ajustable. Tambi\u00e9n tiene superficies de goma blandas y las almohadillas de las orejas est\u00e1n rellenas de espuma blanda.<\/div>\n<div><\/div>\n<div>ESPECIFICACIONES T\u00c9CNICAS<\/div>\n<div>Modelo HS-04SU.<\/div>\n<div>Sensibilidad 102dB+\/-3dB at 1KHz<\/div>\n<div>Frecuencia de respuesta 20Hz &#8211; 20KHz<\/div>\n<div>Impedancia 32 ohm<\/div>\n<div>Longitud del cable 1.8 metros<\/div>\n<div>Conector doble jack 3.5 mm plug Caracter\u00edsticas:<\/div>\n<div>Auriculares con banda de cabeza con micr\u00f3fono que anula los ruidos.<\/div>\n<div>Auriculares con micr\u00f3fono est\u00e9reo con sujeci\u00f3n de cabeza.<\/div>\n<div>Micr\u00f3fono con cancelaci\u00f3n de ruido.<\/div>\n<div>Control de volumen en l\u00ednea. \u2022 Almohadillas de cuero sint\u00e9tico<\/div>\n<div>Micr\u00f3fono en l\u00ednea con funci\u00f3n de enmudecemiento.<\/div>\n<div>Es ideal para MSN\/ SKYPE\/ reproductor MP3.<\/div>\n","protected":false},"excerpt":{"rendered":"<p>Este nuevo auricular con micr\u00f3fono de Genius, el HS-04SU, es genial para comunicaci\u00f3n en l\u00ednea, jugar o utilizar un reproductor MP3. Tambi\u00e9n le ofrece la&hellip;<\/p>\n","protected":false},"featured_media":356,"comment_status":"open","ping_status":"closed","template":"","meta":[],"product_cat":[42],"product_tag":[],"_links":{"self":[{"href":"https:\/\/www.pantanet.com.ar\/index.php?rest_route=\/wp\/v2\/product\/355"}],"collection":[{"href":"https:\/\/www.pantanet.com.ar\/index.php?rest_route=\/wp\/v2\/product"}],"about":[{"href":"https:\/\/www.pantanet.com.ar\/index.php?rest_route=\/wp\/v2\/types\/product"}],"replies":[{"embeddable":true,"href":"https:\/\/www.pantanet.com.ar\/index.php?rest_route=%2Fwp%2Fv2%2Fcomments&post=355"}],"wp:featuredmedia":[{"embeddable":true,"href":"https:\/\/www.pantanet.com.ar\/index.php?rest_route=\/wp\/v2\/media\/356"}],"wp:attachment":[{"href":"https:\/\/www.pantanet.com.ar\/index.php?rest_route=%2Fwp%2Fv2%2Fmedia&parent=355"}],"wp:term":[{"taxonomy":"product_cat","embeddable":true,"href":"https:\/\/www.pantanet.com.ar\/index.php?rest_route=%2Fwp%2Fv2%2Fproduct_cat&post=355"},{"taxonomy":"product_tag","embeddable":true,"href":"https:\/\/www.pantanet.com.ar\/index.php?rest_route=%2Fwp%2Fv2%2Fproduct_tag&post=355"}],"curies":[{"name":"wp","href":"https:\/\/api.w.org\/{rel}","templated":true}]}}