{"id":349,"date":"2022-09-23T11:32:47","date_gmt":"2022-09-23T14:32:47","guid":{"rendered":"https:\/\/www.pantanet.com.ar\/?post_type=product&#038;p=349"},"modified":"2026-04-29T15:41:13","modified_gmt":"2026-04-29T18:41:13","slug":"auricular-logitech-h111-stereo-c-microfono","status":"publish","type":"product","link":"https:\/\/www.pantanet.com.ar\/?product=auricular-logitech-h111-stereo-c-microfono","title":{"rendered":"Auricular Logitech H111 Stereo c\/ Micr\u00f3fono"},"content":{"rendered":"<div>Sonido est\u00e9reo pleno<\/div>\n<div>Adem\u00e1s de ofrecer conversaciones n\u00edtidas, el sonido est\u00e9reo hace que estos auriculares sean ideales para pel\u00edculas, m\u00fasica y juego.<\/div>\n<div>Micr\u00f3fono con supresi\u00f3n de ruido apto para uso derecho o izquierdo<\/div>\n<div>Puedes colocarlo a tu izquierda o a tu derecha, y apartarlo cuando no lo necesites. Adem\u00e1s, reduce el ruido de fondo para posibilitar una comunicaci\u00f3n n\u00edtida con familiares, amigos y compa\u00f1eros de trabajo<\/div>\n<div>Funciona con las principales aplicaciones de telefon\u00eda<\/div>\n<div>Mejora tu experiencia con Skype&#x2122;, Google Hangouts&#x2122;, Yahoo!\u00ae Messenger y otros servicios<\/div>\n<div><\/div>\n<div>\/\/\/COMPATIBILIDADES Y USOS<\/div>\n<div>Compatible con ordenadores, tablets y smartphones<\/div>\n<div>Usa los auriculares en pr\u00e1cticamente cualquier sistema operativo o plataforma, gracias al conector est\u00e1ndar de 3,5 mm.<\/div>\n<div><\/div>\n<div>Flexible, rotating boom<\/div>\n<div>Varilla flexible y giratoria<\/div>\n<div>Puedes colocar el micr\u00f3fono donde mejor capte la voz y apartarlo cuando no est\u00e9s hablando.<\/div>\n<div><\/div>\n<div>Adjustable headband<\/div>\n<div>Diadema ajustable<\/div>\n<div>La diadema se adapta para conseguir el mejor ajuste.<\/div>\n<div><\/div>\n<div>\/\/\/ESPECIFICACIONES T\u00c9CNICAS<\/div>\n<div>*Windows Vista, Windows\u00ae 7, Windows 8, Windows 10<\/div>\n<div>*Mac OS X 10.5 o posterior<\/div>\n<div>*Chrome OS&#x2122;<\/div>\n<div>*N\u00facleo Linux 2.6+<\/div>\n<div>*conector 3,5 mm<\/div>\n","protected":false},"excerpt":{"rendered":"<p>Sonido est\u00e9reo pleno Adem\u00e1s de ofrecer conversaciones n\u00edtidas, el sonido est\u00e9reo hace que estos auriculares sean ideales para pel\u00edculas, m\u00fasica y juego. Micr\u00f3fono con supresi\u00f3n&hellip;<\/p>\n","protected":false},"featured_media":350,"comment_status":"open","ping_status":"closed","template":"","meta":[],"product_cat":[42],"product_tag":[],"_links":{"self":[{"href":"https:\/\/www.pantanet.com.ar\/index.php?rest_route=\/wp\/v2\/product\/349"}],"collection":[{"href":"https:\/\/www.pantanet.com.ar\/index.php?rest_route=\/wp\/v2\/product"}],"about":[{"href":"https:\/\/www.pantanet.com.ar\/index.php?rest_route=\/wp\/v2\/types\/product"}],"replies":[{"embeddable":true,"href":"https:\/\/www.pantanet.com.ar\/index.php?rest_route=%2Fwp%2Fv2%2Fcomments&post=349"}],"wp:featuredmedia":[{"embeddable":true,"href":"https:\/\/www.pantanet.com.ar\/index.php?rest_route=\/wp\/v2\/media\/350"}],"wp:attachment":[{"href":"https:\/\/www.pantanet.com.ar\/index.php?rest_route=%2Fwp%2Fv2%2Fmedia&parent=349"}],"wp:term":[{"taxonomy":"product_cat","embeddable":true,"href":"https:\/\/www.pantanet.com.ar\/index.php?rest_route=%2Fwp%2Fv2%2Fproduct_cat&post=349"},{"taxonomy":"product_tag","embeddable":true,"href":"https:\/\/www.pantanet.com.ar\/index.php?rest_route=%2Fwp%2Fv2%2Fproduct_tag&post=349"}],"curies":[{"name":"wp","href":"https:\/\/api.w.org\/{rel}","templated":true}]}}